{"id":4428,"date":"2020-11-24T20:37:52","date_gmt":"2020-11-24T20:37:52","guid":{"rendered":"http:\/\/test3.turizempuhan.si\/?post_type=product&#038;p=4428"},"modified":"2022-04-01T09:06:17","modified_gmt":"2022-04-01T09:06:17","slug":"vlozene-bucke-370ml","status":"publish","type":"product","link":"https:\/\/turizempuhan.si\/?product=vlozene-bucke-370ml","title":{"rendered":"Vlo\u017eene bu\u010dke 370ml"},"content":{"rendered":"<p>Sestavine: bu\u010dke, voda, alkoholni kis, sol, sladkor, poper, \u010desen,<em><strong>\u00a0GOR\u010cI\u010cNA SEMENA.<\/strong><\/em><\/p>\n<p>Koli\u010dina: 370ml<\/p>\n<p>Hraniti v temnem in hladnem prostoru. Po odprtju hraniti v hladilniku in porabiti v nekaj dneh.<\/p>\n<p>Katarina Puhan &#8211; nosilka dopolnilne dejavnosti na kmetiji, Bogojina 311, 9222 Bogojina<\/p>\n","protected":false},"excerpt":{"rendered":"<p>Sestavine: bu\u010dke, voda, alkoholni kis, sol, sladkor, poper, \u010desen,\u00a0GOR\u010cI\u010cNA SEMENA. Koli\u010dina: 370ml Hraniti v temnem in hladnem prostoru. Po odprtju hraniti v hladilniku in porabiti v nekaj dneh. Katarina Puhan &#8211; nosilka dopolnilne dejavnosti na kmetiji, Bogojina 311, 9222 Bogojina<\/p>\n","protected":false},"featured_media":4470,"template":"","meta":[],"product_cat":[83],"product_tag":[85,84,86],"class_list":{"0":"post-4428","1":"product","2":"type-product","3":"status-publish","4":"has-post-thumbnail","6":"product_cat-delikatese","7":"product_tag-bucke","8":"product_tag-delikatese","9":"product_tag-zelenjava","11":"first","12":"instock","13":"shipping-taxable","14":"purchasable","15":"product-type-simple"},"jetpack_sharing_enabled":true,"_links":{"self":[{"href":"https:\/\/turizempuhan.si\/index.php?rest_route=\/wp\/v2\/product\/4428","targetHints":{"allow":["GET"]}}],"collection":[{"href":"https:\/\/turizempuhan.si\/index.php?rest_route=\/wp\/v2\/product"}],"about":[{"href":"https:\/\/turizempuhan.si\/index.php?rest_route=\/wp\/v2\/types\/product"}],"wp:featuredmedia":[{"embeddable":true,"href":"https:\/\/turizempuhan.si\/index.php?rest_route=\/wp\/v2\/media\/4470"}],"wp:attachment":[{"href":"https:\/\/turizempuhan.si\/index.php?rest_route=%2Fwp%2Fv2%2Fmedia&parent=4428"}],"wp:term":[{"taxonomy":"product_cat","embeddable":true,"href":"https:\/\/turizempuhan.si\/index.php?rest_route=%2Fwp%2Fv2%2Fproduct_cat&post=4428"},{"taxonomy":"product_tag","embeddable":true,"href":"https:\/\/turizempuhan.si\/index.php?rest_route=%2Fwp%2Fv2%2Fproduct_tag&post=4428"}],"curies":[{"name":"wp","href":"https:\/\/api.w.org\/{rel}","templated":true}]}}